 is divided by 2050?
2047
What is the remainder when 369155127 is divided by 1433?
1430
What is the remainder when 9426238 is divided by 320?
318
Calculate the remainder when 115696 is divided by 3100.
996
What is the remainder when 283437 is divided by 630?
567
What is the remainder when 9371321 is divided by 2330?
61
Calculate the remainder when 199950 is divided by 3354.
2064
What is the remainder when 6784631 is divided by 11014?
7
Calculate the remainder when 3786106 is divided by 1261998.
112
Calculate the remainder when 348548665 is divided by 2118.
2113
What is the remainder when 3201867 is divided by 1155?
207
Calculate the remainder when 119049851 is divided by 55.
41
Calculate the remainder when 581130004 is divided by 17.
15
Calculate the remainder when 13589216 is divided by 80409.
95
What is the remainder when 1230338 is divided by 140?
18
What is the remainder when 2385 is divided by 587?
37
Calculate the remainder when 63149761 is divided by 2377.
2
What is the remainder when 147633 is divided by 140?
73
What is the remainder when 6660753 is divided by 5?
3
Calculate the remainder when 300015 is divided by 4999.
75
Calculate the remainder when 15356025 is divided by 141.
138
What is the remainder when 1535680 is divided by 7452?
568
Calculate the remainder when 6471 is divided by 102.
45
Calculate the remainder when 576754 is divided by 4033.
35
What is the remainder when 117558 is divided by 15903?
6237
What is the remainder when 2122107 is divided by 1429?
42
Calculate the remainder when 1717325 is divided by 3.
2
What is the remainder when 17875506 is divided by 3850?
3806
Calculate the remainder when 2498760 is divided by 296.
224
What is the remainder when 116346 is divided by 1491?
48
Calculate the remainder when 215427764 is divided by 33036.
8
What is the remainder when 112865 is divided by 1369?
607
What is the remainder when 259326 is divided by 9972?
54
Calculate the remainder when 16517778 is divided by 4129442.
10
What is the remainder when 943231 is divided by 1182?
1177
Calculate the remainder when 601347359 is divided by 1668.
1667
Calculate the remainder when 3331507 is divided by 1012.
3
Calculate the remainder when 3773990 is divided by 1239.
1235
What is the remainder when 403569 is divided by 134312?
633
Calculate the remainder when 67269 is divided by 1140.
9
What is the remainder when 73255 is divided by 71790?
1465
Calculate the remainder when 1043852 is divided by 528.
524
What is the remainder when 140490 is divided by 12389?
4211
Calculate the remainder when 5148592 is divided by 1616.
16
Calculate the remainder when 55368264 is divided by 104864.
72
Calculate the remainder when 835491 is divided by 3540.
51
What is the remainder when 1607749 is divided by 33488?
325
Calculate the remainder when 10932666 is divided by 64.
58
Calculate the remainder when 307813 is divided by 21.
16
What is the remainder when 206575 is divided by 103266?
43
Calculate the remainder when 2591162 is divided by 19.
18
Calculate the remainder when 4733013 is divided by 47.
19
What is the remainder when 1767956916 is divided by 4989?
4986
Calculate the remainder when 68111 is divided by 32454.
3203
Calculate the remainder when 12124700 is divided by 242494.
0
What is the remainder when 505118 is divided by 505093?
25
Calculate the remainder when 1979761 is divided by 1402.
137
What is the remainder when 1382509 is divided by 664?
61
What is the remainder when 227872 is divided by 1045?
62
What is the remainder when 270791594 is divided by 3177?
3176
What is the remainder when 1911508 is divided by 2008?
1900
Calculate the remainder when 18496 is divided by 6364.
5768
Calculate the remainder when 393598 is divided by 36.
10
What is the remainder when 11195 is divided by 3716?
47
What is the remainder when 461370508 is divided by 67?
66
Calculate the remainder when 1457679 is divided by 860.
839
What is the remainder when 2769399 is divided by 36?
27
Calculate the remainder when 1794951 is divided by 652.
647
What is the remainder when 114757790 is divided by 664?
662
What is the remainder when 74687018 is divided by 11?
10
Calculate the remainder when 49479 is divided by 4326.
1893
Calculate the remainder when 13907205 is divided by 1718.
1713
What is the remainder when 266562 is divided by 13328?
2
What is the remainder when 14558942 is divided by 1079?
1074
Calculate the remainder when 26743264 is divided by 12741.
12646
Calculate the remainder when 740343 is divided by 92.
19
Calculate the remainder when 54221 is divided by 232.
165
What is the remainder when 39680 is divided by 2852?
2604
What is the remainder when 183288248 is divided by 1642?
1640
What is the remainder when 382989 is divided by 63?
12
What is the remainder when 1184303 is divided by 586?
583
Calculate the remainder when 54628 is divided by 280.
28
Calculate the remainder when 802941 is divided by 321.
120
Calculate the remainder when 405342697 is divided by 1929.
1927
Calculate the remainder when 10930945 is divided by 675.
670
Calculate the remainder when 3363610 is divided by 138.
136
Calculate the remainder when 170287 is divided by 7766.
7201
What is the remainder when 6876046 is divided by 17147?
99
Calculate the remainder when 124086 is divided by 30932.
358
What is the remainder when 164176 is divided by 143?
12
Calculate the remainder when 7212619 is divided by 34.
29
Calculate the remainder when 146467 is divided by 2765.
2687
Calculate the remainder when 5239891 is divided by 14.
13
Calculate the remainder when 130686 is divided by 26133.
21
Calculate the remainder when 16742132 is divided by 19.
16
What is the remainder when 10093195 is divided by 141?
133
Calculate the remainder when 118751 is divided by 1855.
31
Calculate the remainder when 546861 is divided by 147.
21
What is the remainder when 6540522 is divided by 18581?
10
Calculate the remainder when 984099 is divided by 3030.
2379
Calculate the remainder when 5387215 is divided by 173781.
4
Calculate the remainder when 2240327 is divided by 106682.
5
Calculate the remainder when 11447469 is divided by 51.
9
What is the remainder when 100297565 is divided by 911796?
5
Calculate the remainder when 8508476 is divided by 238.
214
Calculate the remainder when 7272659 is divided by 106.
105
Calculate the remainder when 21672444 is divided by 89187.
3
What is the remainder when 68606 is divided by 54?
26
What is the remainder when 1058714 is divided by 352819?
257
What is the remainder when 5964110 is divided by 175415?
0
Calculate the remainder when 2423169 is divided by 392.
217
Calculate the remainder when 6797300 is divided by 28.
20
Calculate the remainder when 18676408 is divided by 789.
778
What is the remainder when 70707365 is divided by 146?
3
Calculate the remainder when 4745994 is divided by 673.
671
Calculate the remainder when 361607479 is divided by 14.
9
Calculate the remainder when 871756 is divided by 2610.
16
Calculate the remainder when 14787859 is divided by 328619.
4
What is the remainder when 114442458 is divided by 10?
8
Calculate the remainder when 662900 is divided by 82824.
308
Calculate the remainder when 1208598 is divided by 115.
63
Calculate the remainder when 2148009 is divided by 15021.
6
What is the remainder when 1864959 is divided by 466239?
3
What is the remainder when 1785092 is divided by 3540?
932
Calculate the remainder when 1904393 is divided by 476095.
13
Calculate the remainder when 172646163 is divided by 137.
133
What is the remainder when 6098234 is divided by 229?
193
What is the remainder when 106171 is divided by 8054?
1469
What is the remainder when 731197958 is divided by 66?
62
What is the remainder when 900878 is divided by 1179?
122
What is the remainder when 386893 is divided by 22751?
126
What is the remainder when 2763869 is divided by 1136?
1117
What is the remainder when 14302 is divided by 1797?
1723
Calculate the remainder when 31647 is divided by 800.
447
Calculate the remainder when 7444441 is divided by 481.
4
Calculate the remainder when 3357239 is divided by 130.
119
What is the remainder when 39435887 is divided by 2?
1
Calculate the remainder when 74061 is divided by 153.
9
Calculate the remainder when 2773156 is divide